t q(k) = -4*g(k) + 7*i(k). Let o(h) = 39*h + 5426. Let j be o(-139). What is q(j)?
8
Let x(p) = 15*p**2 + 29*p + 1. Let t(b) = 7*b**2 + 14*b + 1. Let j(l) = -13*t(l) + 6*x(l). What is j(-6)?
5
Let k(q) = -9*q**2 - 22*q - 20. Let r(j) = -5*j**2 - 12*j - 11. Let l(a) = 3*k(a) - 5*r(a). Calculate l(-3).
-5
Let x(i) = -i + 19 - 39 + 26. Determine x(5).
1
Let f = -14 + 20. Let t(g) be the second derivative of 0 + 8*g - 5/2*g**2 + 1/3*g**3. Calculate t(f).
7
Let r(g) = 2*g**3 - 7*g + 15. Let n(w) = -3*w**3 + 11*w - 23. Let o be 20/6*(-12)/(-8). Let c(t) = o*n(t) + 8*r(t). Suppose 0 = -2*p + 5*p. Give c(p).
5
Let j(y) be the second derivative of 0 - y**3 - 3/2*y**2 - 1/12*y**4 + 6*y. What is j(-4)?
5
Let c(x) = -x**3 + 4*x**2 - 2. Suppose 73 = -4*y + 5*a - 71, -4*y + 3*a = 144. Let p = -702 - -726. Let m be 14/6 - p/y. Determine c(m).
7
Let m(j) be the second derivative of j**3/6 + j**2/2 + 163*j. Calculate m(-6).
-5
Let z(q) be the first derivative of q**4/4 - q**3/3 - q**2/2 - q - 195. Calculate z(-2).
-11
Let i(j) be the third derivative of -j**5/30 - j**4/12 - 7*j**3/6 - 798*j**2. Calculate i(-5).
-47
Let v(p) = p**3 + 12*p**2 + 14*p + 10. Suppose 32*y = 34*y + 22. Calculate v(y).
-23
Let m(k) be the first derivative of -k**3/3 + 7*k**2/2 - k - 80. What is m(6)?
5
Let o(b) = b**2 + 5*b + 1. Let u be 8 + 16/12*-3. Suppose 41 = -4*v + 5*y, -y + 5 + 16 = -u*v. Let p be 2/v + (-6)/4. What is o(p)?
-5
Let t(q) = q**3 - 7*q**2 - 5*q - 16. Let a be t(8). Let z(j) = 2*j - a - j - 28*j**2 + 7*j + 27*j**2. Determine z(8).
-8
Let t(y) = y**3 + 3*y**2 + 2*y. Let b be 2072/(-962) - (-4)/26. What is t(b)?
0
Let o(t) = -2*t**3 - 2*t**2 - t. Let a(d) = -11*d**3 - 4*d**2 - 4*d - 3. Let w(v) = -a(v) + 5*o(v). Let n = 10 - 4. Give w(n).
-3
Let m(z) = z**3 + 16379*z - 16378*z - 4 - 2*z**3 - 3*z**2. Determine m(-4).
8
Let b(h) = -12*h**2 - h + 6. Let t(k) = 12*k**2 + k - 4. Let n(z) = -2*b(z) - 3*t(z). Let v = 4 - 5. What is n(v)?
-11
Let c(j) = -2008*j**2 + 1008*j**2 - 6 - 7*j + 999*j**2. Give c(-8).
-14
Let g(v) = -13*v**2 + v + 1 + 5*v**2 + 10*v**2 - 3 - v**2 + 2*v**3. Determine g(1).
2
Let s(t) = t**3 - 7*t**2 + 2*t + 1. Let f(o) = -6*o**2 + 36*o + 4. Let k be f(6). What is s(k)?
-39
Let o = 177 + -184. Let v(q) = q**3 + 6*q**2 - 6*q + 8. Calculate v(o).
1
Let a(d) = 5 - d - 5 + 1. Let g(i) = 12*i - 11. Let c(z) = 22*a(z) + 2*g(z). Suppose -8*r - 1 = -17. Calculate c(r).
4
Let w(d) = 2 - 9*d**2 + 5*d**2 - 2*d - 6 + 3*d**2. Let l = 9 - 1. Suppose -2 = -2*x - l. Determine w(x).
-7
Let y(n) = -40*n**2 - 1 + n**3 - 42*n**2 + 83*n**2 - n. What is y(-1)?
0
Let d = -105 + 97. Let z(h) = -h**3 - 7*h**2 + 7*h - 3. Give z(d).
5
Let x(u) = -u**3 + 5. Let p be (-7)/2 - (-3)/(-6). Let y = -6 - p. Let n be (4 + -4)/(y + 3). Determine x(n).
5
Suppose -12*z + 87 - 63 = 0. Suppose -5*c + 12 = 3*w, -6 = -5*c - w + 8. Let n(k) = -2 + 2 - c*k + 4*k**2. What is n(z)?
10
Let v(m) = 6*m**2 - 9*m**3 - 3*m**2 + 7 + 8*m**3 + 3*m. Determine v(4).
3
Let j = -20 - -21. Let v(b) = 10*b - 3. Let a(i) = 13*i + 8*i + 5*i - 5 - 7*i. Let c(u) = 4*a(u) - 7*v(u). Give c(j).
7
Let k(i) = i**2 + 730*i - 3 - 365*i - 365*i. Calculate k(-6).
33
Let t(s) = -1063*s**2 + 1 + 2119*s**2 - 1057*s**2 + 6*s. Give t(4).
9
Suppose 0 = -0*h + h - 3*v - 10, 5*h = 4*v + 28. Suppose 0 = -5*p + h*p + 1. Let f(y) = -1 - 580*y + 573*y - 2 - 3 + 5. What is f(p)?
-8
Let o = -6 - -14. Suppose 4*a + 34 = -3*s, -2*s + a - 8 = -0*a. Let c(d) = 11*d + 6. Let h(y) = -5*y - 3. Let v(b) = s*c(b) - 13*h(b). Determine v(o).
-5
Let p be (-16)/12*(-3 - 0). Let g(i) = p*i - 3*i - 2 - 3 - 2. Give g(8).
1
Let q be (-2)/(-2)*(1 + -4). Let l(m) = -271 + 593 - 326 - 2*m. Give l(q).
2
Let z(b) = 11*b**3 - b**2 - 2*b - 1. Suppose 0 = -f - 8*f - 9. Give z(f).
-11
Let h(g) = g**2 + 1. Let i be h(-2). Let t(r) = 42*r - 16*r - 11*r - 29 - 14*r + 27. Give t(i).
3
Let c(m) be the first derivative of -2*m**3/3 - 2*m**2 - m + 58. Determine c(-3).
-7
Let o(f) = -f - 1. Let k be o(-3). Let y(r) be the first derivative of 0*r**3 + 0*r + 1/2*r**2 - 1/4*r**4 + 27. Give y(k).
-6
Let c(y) = -17*y + 2 + 27*y - 11*y. Let n be (-6)/(-21) - 60/14. Let l = -9 - n. Calculate c(l).
7
Let y(p) be the second derivative of p**5/20 + p**4/2 - p**3/3 - 7*p**2/2 - 72*p - 21. Let g be (-4)/6 - 16/3. Calculate y(g).
5
Suppose 4*l = 3*a - 2, 4*l - l = -a + 5. Let q(c) = -2*c + l + 5*c**2 - 6*c**2 + 2*c**2 - 2. Let s be 6/4*8/(-6). Give q(s).
7
Let i(g) = -g**3 + 7*g**2 + 6*g + 5. Let a(d) = -12*d - 52. Let l be a(-7). Suppose l = 4*q - 0. Calculate i(q).
-11
Suppose j = -5*t + 19, -4*j + 5*j + 4*t - 16 = 0. Let v = 10 + -9. Let n(l) = 2*l**2 + 4*l - 5*l**2 + 2*l**2 + 4 - v. Determine n(j).
3
Let n(d) = 12*d - 14. Let w(l) = 3*l - 5. Let i(b) = 2*n(b) - 7*w(b). Calculate i(-6).
-11
Let x(n) = -11*n**2 - 62*n**2 - n + 75*n**2. Let v = 0 - 0. Suppose 0 = -3*a - v - 3. Give x(a).
3
Let u(l) = -10*l**2 + 64*l - 22. Let g be u(6). Let d(p) = 11*p + 5. Let r(n) = -23*n - 11. Let h(w) = -9*d(w) - 4*r(w). Calculate h(g).
-15
Let g(z) = 8*z**2 - 3*z - 3. Let d(q) = 15*q**2 - 6*q - 6. Let m(t) = -6*d(t) + 11*g(t). Suppose -19*f + 5 = -14*f. Let j be (f - -1)*(-6)/(-4). Calculate m(j).
-6
Let b(z) be the third derivative of -z**6/40 - z**5/60 - z**4/24 + z**3/6 + 6*z**2. Suppose 3*s - 16 = -1. Suppose -2 = -s*h + 3*h. Calculate b(h).
-4
Suppose -16 - 24 = -5*w. Suppose 3*b - w = -2. Let i(c) = c**2 + 2*c - 2. Let a be i(b). Let n(r) = r - 8. Calculate n(a).
-2
Let n(c) be the second derivative of c - 1/6*c**3 + 1/20*c**5 + 2*c**2 + 0 + 1/12*c**4. Let y(o) = o**2 - 51*o + 270. Let v be y(45). What is n(v)?
4
Suppose 0 = s - 3 + 10. Let m = s + 9. Let n(z) = -10 + 2*z + 10. Calculate n(m).
4
Let k = -24 + 29. Suppose -15 = -k*h, -2*m + 3*h - 9 = -m. Let n(u) = u + 6. Determine n(m).
6
Let w(h) be the third derivative of -h**4/4 - h**3/3 + 10*h**2. Let o(s) = 3*s + 1. Let u(y) = -5*o(y) - 2*w(y). What is u(-2)?
5
Let r(k) be the first derivative of -k**3/3 - 5*k**2 - 3*k - 247. Give r(-11).
-14
Let w be (-102)/(-27) - 7/(189/(-6)). Let h(o) = 4 - 2 + 76*o - w - 78*o. Calculate h(-8).
14
Let w(j) = -2*j**2 - 5. Let g(s) = -s**2 - 6. Let c(m) = 5*g(m) - 6*w(m). Calculate c(1).
7
Let l(s) = 44*s**3 - 7 - 9*s**2 + 40*s**3 - 119*s**3 + 34*s**3. Give l(-9).
-7
Let j(d) = -2*d - 18. Let k be j(-10). Let b(z) = -5*z + 4*z**k - 2 - 12*z**2 + 4*z**2 + 3*z**2. Determine b(-4).
2
Let p(i) = -3*i + 2. Suppose 206*z = 200*z. Determine p(z).
2
Let b(g) = 32*g**2 - 6*g + 1. Let x(v) = 33*v**2 - 7*v + 1. Let s(p) = -5*b(p) + 4*x(p). Give s(1).
-27
Let p(k) = 5*k**2 - 26*k + 7. Let s(u) = -9*u**2 + 47*u - 13. Let q(h) = -7*p(h) - 4*s(h). Suppose -3*l - 4 = -16. Determine q(l).
-5
Let u(b) = 10*b - 24. Let t be 2*(-2 + 9 + -6). Determine u(t).
-4
Let l(t) = 15*t - 10. Let y(n) = -2*n**3 - 18*n**2 - 42*n - 8. Let r be y(-5). What is l(r)?
20
Let i(u) = 10*u + 2. Let r(k) = 3*k - 40. Let l be r(13). Give i(l).
-8
Let q(j) = -j**2 + 3*j - 4. Let s(c) = 3*c - 1 - 7*c + c + 4*c + 3*c**2 - 4*c**3. Let i be s(-1). Give q(i).
-14
Let c(d) = 11*d - 18*d + 52 - 48 - d**2. What is c(-6)?
10
Let d(b) = 2*b - 6. Let s be (-425)/595 - 30/7. Determine d(s).
-16
Let g be (8 - 2)*(-1)/(-2). Let b(f) = -89*f**3 + 181*f**3 - 96*f**g. What is b(1)?
-4
Let t be 574/(-6) - (1 - 10/6). Let a be 38/t - (34/(-10) + 1). Let f(y) = y**3 - 3*y**2 + 4*y - 2. Determine f(a).
2
Let r(c) = c**2 + 5*c - 2. Let k(z) be the first derivative of 1/3*z**3 + 7*z - 7/2*z**2 - 2. Let h be k(4). Determine r(h).
-2
Let b(r) = 37*r**2 - 2*r - 1. Let k = -81 + 80. Determine b(k).
38
Let b(v) = 434 + 7*v**2 - 2*v + 0*v**2 - 433. Determine b(2).
25
Let d(v) = 11*v - 8 + 8*v**2 - 2*v**2 + 4*v**2 + 0*v**3 + v**3 - 2*v. Give d(-9).
-8
Let s(m) = 5*m + 0 + 1 - m. Suppose -148 = 5*x + 122. Let c be 1/(-2) - x/36. Determine s(c).
5
Let b(c) be the first derivative of -c**2/2 - 5*c - 522. Determine b(9).
-14
Let h(z) = -75*z + z**2 + 35*z - 7 + 34*z. Suppose 0 = 4*p - 8 - 20. Give h(p).
0
Let o(s) = s**3 + 8*s**2 - 5*s + 13. Let l(p) = -7*p + 1. Let z(g) = g. Let c(q) = -l(q) - 6*z(q). Let i(d) = 5*c(d) + o(d). Determine i(-8).
8
Let m be (2 - 1) + -6*1. Let a(l) be the second derivative of -l**4/12 - 5*l**3/6 - 7*l**2/2 - 34*l - 18. Calculate a(m).
-7
L